21750 and 58.
58
Calculate the highest common factor of 207 and 32453.
23
Calculate the greatest common factor of 114 and 6494865.
57
Calculate the greatest common factor of 3358 and 736.
46
Calculate the highest common factor of 4577 and 621.
23
Calculate the greatest common divisor of 26753 and 217.
31
Calculate the greatest common divisor of 29133 and 384705.
747
Calculate the highest common divisor of 25291 and 203.
7
Calculate the highest common divisor of 2632 and 91462.
658
What is the greatest common divisor of 924 and 20724?
132
Calculate the highest common factor of 1376031 and 51.
51
Calculate the highest common divisor of 16347 and 3.
3
What is the greatest common factor of 112003 and 31?
31
What is the highest common factor of 32 and 148528?
16
What is the greatest common factor of 297 and 71658?
27
What is the greatest common divisor of 24 and 666184?
8
Calculate the greatest common divisor of 10250 and 1000.
250
What is the highest common factor of 235743 and 439?
439
Calculate the highest common factor of 1200 and 594240.
240
Calculate the highest common divisor of 572008 and 762.
254
What is the highest common divisor of 25710 and 510?
30
Calculate the highest common factor of 2522 and 2028.
26
Calculate the greatest common factor of 21072264 and 24.
24
What is the greatest common divisor of 333 and 50301?
9
Calculate the highest common divisor of 1972 and 21460.
116
Calculate the highest common factor of 2794 and 5566.
22
Calculate the highest common divisor of 6616 and 712.
8
Calculate the highest common factor of 77652 and 432.
108
Calculate the greatest common factor of 5985 and 252.
63
Calculate the greatest common factor of 1310309 and 462.
77
Calculate the highest common factor of 52404 and 108.
12
What is the greatest common divisor of 21027 and 20081?
43
What is the highest common divisor of 4420 and 8160?
340
What is the highest common divisor of 24 and 35048?
8
Calculate the highest common divisor of 557280 and 516.
516
What is the highest common divisor of 2873 and 6422?
169
What is the highest common factor of 3124 and 451?
11
Calculate the greatest common factor of 60 and 23748.
12
Calculate the greatest common divisor of 47440 and 27871.
593
What is the highest common divisor of 344 and 32?
8
What is the greatest common divisor of 5010 and 9555?
15
What is the highest common factor of 32899 and 2004?
167
What is the greatest common factor of 28 and 17411324?
28
What is the highest common divisor of 12844 and 507?
169
Calculate the highest common divisor of 14416 and 448.
16
What is the greatest common factor of 2100 and 7500?
300
What is the greatest common factor of 2697 and 992?
31
Calculate the greatest common factor of 81 and 6292890.
81
Calculate the highest common factor of 1985 and 22754055.
1985
What is the greatest common factor of 552 and 600093?
69
What is the highest common factor of 9398 and 370?
74
Calculate the highest common divisor of 34908 and 12.
12
Calculate the highest common divisor of 20556 and 2124.
36
What is the highest common factor of 244073 and 41?
41
Calculate the greatest common factor of 50 and 330950.
50
Calculate the greatest common divisor of 37272 and 652.
4
What is the highest common divisor of 669 and 446?
223
What is the highest common factor of 209 and 2893?
11
What is the greatest common divisor of 138383 and 14?
7
What is the greatest common divisor of 116 and 221734?
58
Calculate the highest common divisor of 29240 and 238.
34
Calculate the highest common factor of 4905 and 17767.
109
Calculate the greatest common divisor of 240 and 3345.
15
Calculate the greatest common factor of 85320 and 5670.
270
Calculate the greatest common divisor of 239687 and 1412.
353
What is the greatest common factor of 1640 and 838696?
328
Calculate the greatest common divisor of 675 and 2850.
75
Calculate the highest common factor of 1584 and 3806.
22
Calculate the greatest common factor of 2465 and 765.
85
What is the greatest common divisor of 1275 and 3264?
51
What is the greatest common factor of 18580 and 100?
20
Calculate the greatest common factor of 195644 and 590.
118
Calculate the highest common divisor of 16 and 14472.
8
Calculate the highest common factor of 735 and 55.
5
What is the highest common divisor of 4 and 5752924?
4
Calculate the highest common divisor of 40 and 4775780.
20
Calculate the greatest common divisor of 511 and 245061.
73
What is the highest common divisor of 7 and 3491565?
7
What is the greatest common divisor of 13 and 82199?
13
Calculate the greatest common factor of 1180 and 508875.
295
Calculate the highest common divisor of 94538 and 2.
2
What is the highest common divisor of 48 and 1425768?
24
Calculate the highest common factor of 34920 and 9000.
360
What is the highest common factor of 14555 and 60270?
205
Calculate the highest common divisor of 108 and 108708.
12
What is the greatest common divisor of 574 and 1950452?
574
What is the highest common divisor of 131 and 4324703?
131
What is the highest common divisor of 1819265 and 280?
35
What is the greatest common divisor of 48 and 3800?
8
What is the greatest common divisor of 213427 and 39292?
893
Calculate the highest common factor of 376 and 16448.
8
Calculate the highest common divisor of 270 and 4263030.
270
What is the highest common divisor of 191 and 811?
1
Calculate the greatest common divisor of 5687 and 1603217.
517
What is the greatest common divisor of 21545 and 372?
31
What is the greatest common factor of 716 and 3937463?
179
Calculate the greatest common factor of 8829 and 328635.
981
What is the highest common factor of 146761 and 178?
89
Calculate the highest common factor of 2272 and 1278.
142
Calculate the highest common divisor of 536176 and 2256.
752
What is the greatest common divisor of 1406 and 666?
74
Calculate the greatest common factor of 90624 and 2478.
354
Calculate the greatest common divisor of 37 and 1020756.
37
Calculate the highest common divisor of 49854 and 1050.
42
What is the highest common divisor of 5585 and 65?
5
What is the greatest common divisor of 28980 and 7875?
315
Calculate the highest common factor of 336 and 61131.
21
Calculate the greatest common factor of 3910 and 1610.
230
Calculate the greatest common divisor of 17446 and 9152.
286
Calculate the highest common divisor of 90 and 130770.
90
What is the greatest common divisor of 102825 and 4050?
225
What is the greatest common factor of 290169 and 297?
297
What is the greatest common factor of 103240 and 89?
89
What is the greatest common factor of 369141 and 1479?
87
Calculate the highest common divisor of 52 and 28483.
13
What is the highest common divisor of 432 and 41958?
54
Calculate the greatest common factor of 8490 and 25.
5
Calculate the greatest common factor of 258916 and 784.
196
Calculate the greatest common factor of 206937 and 9.
9
Calculate the highest common factor of 4584 and 4168002.
1146
Calculate the greatest common divisor of 8739 and 828.
9
What is the greatest common factor of 62 and 3411302?
62
Calculate the highest common factor of 2768 and 2096.
16
Calculate the highest common divisor of 3648 and 1083.
57
What is the greatest common factor of 36 and 647757?
9
Calculate the greatest common factor of 32131 and 506.
253
What is the greatest common divisor of 200 and 404000?
200
What is the highest common divisor of 39732 and 627?
33
What is the highest common factor of 4 and 13396?
4
What is the greatest common divisor of 10980 and 168726?
366
What is the greatest common divisor of 4469 and 45235?
109
Calculate the highest common factor of 713279 and 5301.
589
What is the greatest common divisor of 30 and 129510?
30
What is the greatest common divisor of 20 and 11572?
4
Calculate the highest common factor of 511368 and 30.
6
Calculate the highest common divisor of 44828 and 126.
14
What is the greatest common factor of 155256 and 312?
24
Calculate the greatest common factor of 6 and 1508502.
6
Calculate the greatest common factor of 20370 and 210.
210
What is the highest common divisor of 845 and 7517965?
845
What is the greatest common divisor of 77384 and 272?
136
What is the greatest common factor of 87 and 2047951?
29
What is the highest common factor of 128029 